e (-36)/(-48) - (-58)/y. Suppose 3*k - k - s = 0. What are the prime factors of k?
2
Let f(z) be the first derivative of -z**3 + 4 + 2*z**3 - z**2 + 0 - 2 + 4*z. List the prime factors of f(3).
5
Let i(l) be the second derivative of 19*l**3/2 - 9*l**2/2 + 12*l. What are the prime factors of i(2)?
3, 5, 7
Let f(z) = 2*z + 16. Let j be (-27)/9 - 1*2. What are the prime factors of f(j)?
2, 3
Suppose 12 = 4*y + t, -3*t - 12 = -6*y + 2*y. Suppose -124 = -4*a - 3*h + 8, y*h = -5*a + 162. What are the prime factors of a?
2, 3, 5
Let s = -3526 + 5240. List the prime factors of s.
2, 857
Suppose 0 = -s + 2*i + 35, -3*i + 75 = 2*s - 8*i. What are the prime factors of (-3)/15 + 2805/s?
2, 7
Suppose 0 = -49*z + 24*z + 41475. What are the prime factors of z?
3, 7, 79
Let d(g) = 2*g**2 - 9*g + 6. Let f be d(3). Suppose 3*n + 29 = 119. Let c = n + f. What are the prime factors of c?
3
Let d = 441 - 271. What are the prime factors of d?
2, 5, 17
Let w(f) = -f**3 + 12*f**2 + 3*f - 19. Let r be w(12). Suppose r*o - 576 = 14*o. What are the prime factors of o?
2, 3
Suppose -5*p + 17 = -2*w - 35, p - 28 = -4*w. Let s = 52 + p. List the prime factors of s.
2
Let v = -462 - -846. List the prime factors of v.
2, 3
Let z be -1*(-1)/(2/4). Let y = 2 - z. Let w = 12 - y. List the prime factors of w.
2, 3
List the prime factors of (-7 - 1973)/(-4) - -3.
2, 3, 83
Suppose 15*h = 1537 + 11393. What are the prime factors of h?
2, 431
Let v = 111 - 114. What are the prime factors of (-113)/((0 + v)/3)?
113
Let h(l) be the third derivative of -l**6/120 - l**5/20 - 2*l**3/3 + 7*l**2. Let x be h(-4). What are the prime factors of (x/8)/(1/2)?
3
Suppose -34*t = 17*t - 39831. What are the prime factors of t?
11, 71
Let m be -1 + (17 - (-2 + 5)). Let z = -18 + m. List the prime factors of 2562/70 - 2/z.
37
Suppose 15*u + 2*g = 20*u - 5806, 0 = 2*u + 2*g - 2328. What are the prime factors of u?
2, 7, 83
Let x(t) = -2*t**3 - 5*t**2 + 14*t + 40. Suppose 4*z - 14 = -38. List the prime factors of x(z).
2, 13
Suppose -2*k + g - 6 = -3, 0 = k + g + 6. Let d(m) = 2*m**2 - m - 3. Let h be d(k). Let p(a) = 4*a - 7. List the prime factors of p(h).
5, 13
Let g be ((-38)/(-4))/(4/104). Let s = g + -143. Suppose 0 = 4*x - s - 16. List the prime factors of x.
2, 3, 5
Let j(i) = i**2 + 9*i - 10. Let y be j(-10). Let s be 1/(4/32) + y. What are the prime factors of -2*((-60)/s - -3)?
3
Let k(m) = 3*m**2 - 16*m + 14. Let t be k(6). Let u = t - 15. What are the prime factors of u?
11
Let w = 230 + 49. List the prime factors of w.
3, 31
Let a be 1*5*(-60)/75 + 120. Let y = a + 103. List the prime factors of y.
3, 73
Suppose 0 = -3*o - 3, -3*u = 10*o - 12*o - 5915. List the prime factors of u.
3, 73
Let v be ((36/(-15))/(-3))/(10/5575). Suppose 4*l - v = 122. What are the prime factors of l?
2, 71
Suppose -3*a = -2*i - 2*a + 1367, -3425 = -5*i + a. List the prime factors of i.
2, 7
Suppose -12*t = -28*t + 80. List the prime factors of (2 - (-65)/t)/(3/4).
2, 5
Let l = 1035 - 589. List the prime factors of l.
2, 223
Let d = -94 - -101. Suppose -1340 - 46 = -d*t. What are the prime factors of t?
2, 3, 11
Suppose 5*s - 4330 = -2*v, -6490 = -3*v + 2*s - 7*s. List the prime factors of v.
2, 3, 5
Suppose 43*o = -31*o + 101528. What are the prime factors of o?
2, 7
Let q = 1581 - -1042. List the prime factors of q.
43, 61
Let s(y) = -5*y - 26. Let l be s(-6). Suppose -l*n + 27 + 261 = 0. What are the prime factors of n?
2, 3
What are the prime factors of 844/(-10)*(-35 - (-45)/3)?
2, 211
Let g(a) = a**2 + 5*a + 9. Suppose 16 = 3*x - b - 3*b, -5*x + 25 = -5*b. Suppose 0 = -q + v, -3*q - 2*q + x*v - 4 = 0. List the prime factors of g(q).
5
Suppose 2*m + 560 = 6*m - 2*x, -2*m + 2*x + 280 = 0. List the prime factors of (3 - 2)/(5/m).
2, 7
Let q be (-5)/(-10) + 756/(-8). List the prime factors of q/(1 - 3) - -3.
2, 5
Let m be -1 + -4*(0 + 249/(-6)). Suppose m = -8*k + 13*k. What are the prime factors of k?
3, 11
Let c = -113 - -304. Suppose -6*o = -c - 169. List the prime factors of o.
2, 3, 5
Let f(x) = -x**3 + 8*x**2 + 6*x - 7. Let q be f(-5). Suppose 2*k + q - 96 = r, 20 = -4*k. What are the prime factors of r?
2, 7, 13
Let t(u) = -3*u**2 - 13*u - 15. Let a(j) = -j**2 - 4*j - 5. Let p(d) = -8*a(d) + 3*t(d). Let r be p(-6). What are the prime factors of 34 - (r + 2) - -3?
2, 17
Let t = 76 + -28. Suppose 0 = 5*m + 4*j - 269, -2*j - 3*j = -m + t. List the prime factors of m.
53
What are the prime factors of 537/((-27)/(-6) - (8 - 4))?
2, 3, 179
Suppose 0 = -3*p + 4*j + 1588, -4*j = 2*p - 2*j - 1068. What are the prime factors of p?
2, 7, 19
Let c(f) be the third derivative of -f**6/120 + f**5/6 - 7*f**4/12 + f**3/3 - f**2. What are the prime factors of c(8)?
2, 3
Let m(s) = 1568 - 8*s - 22*s - 1566. List the prime factors of m(-2).
2, 31
Let b = -243 + 603. What are the prime factors of b?
2, 3, 5
Suppose 3*q - g - 2634 = 0, -2*g + 4390 = q + 4*q. What are the prime factors of q?
2, 439
Let a(k) = 183*k**2 - 20*k + 47. List the prime factors of a(3).
2, 19, 43
Suppose 12 = 3*d + 6. Suppose 29 = 3*n + d*t - 74, -n - 2*t = -37. List the prime factors of n.
3, 11
Let q(p) = 2*p + 351. List the prime factors of q(12).
3, 5
Let d be 28 + (-3)/(-6)*-2. Let y be 466/12 - (-4)/24. Let a = y - d. What are the prime factors of a?
2, 3
Let w be 242/8 + 6/(-24). What are the prime factors of (210/63)/(2/w)?
2, 5
Let m(f) = f**2 - 5*f + 13. Let z = -21 + 27. List the prime factors of m(z).
19
Suppose -935 = -7*b + 3*b - 3*d, -d + 235 = b. Suppose -b = -2*x - 0*x. List the prime factors of x.
5, 23
Let a = 5 + 0. Suppose j = a*w + 80, j - 43 = -4*w + 46. List the prime factors of j.
5, 17
Suppose 6*j + 6 - 24 = 0. Suppose -j*n = k - 4*k + 336, n - 106 = -k. What are the prime factors of k?
109
Suppose -w - 3*j + 68 = -0*w, -j = -2*w + 108. Suppose 5*x + 1 = -2*n, -x = -3*n + 3*x + w. What are the prime factors of n?
2, 3
Let l(r) = -8*r**2 + r**3 + 77 + 3*r**2 + 2*r - 77. List the prime factors of l(5).
2, 5
Suppose 2*t - 1 = q, -22 = -5*q + 3*q - 4*t. Let w = q - 2. Suppose 0*s - w*s = -69. List the prime factors of s.
23
Let j(f) = 2*f + 22. Let h be j(0). Suppose -h = -4*b - 10. What are the prime factors of -2 + 1 - b - -49?
3, 5
Let y(v) = -25*v**3 - 5*v**2 - 6*v - 12. What are the prime factors of y(-3)?
2, 3, 53
Let j = 896 + -622. List the prime factors of j.
2, 137
Suppose 5*w = w. List the prime factors of 55 + w + -2 + 1.
2, 3
Let m(h) = -h**3 + 9*h**2 - h - 17. What are the prime factors of m(8)?
3, 13
Let c = -50 - -61. What are the prime factors of c?
11
Suppose 0 = 7*r - 0*r. Suppose 0 = -3*f - r + 213. What are the prime factors of f?
71
What are the prime factors of 10/8 + (-639)/(-4)?
7, 23
Let r = 22 - 7. What are the prime factors of (5/r)/((-3)/(-711))?
79
Suppose 2*h - 4*q - 68 = 0, -2*h - q + 136 = 2*h. List the prime factors of h.
2, 17
Let n be (-8)/(-12) + ((-19)/(-3) - -2). Let u(r) = r**3 - 8*r**2 + 4*r + 11. What are the prime factors of u(n)?
2
Let d be (4/(-8))/(4/152*-1). What are the prime factors of d/(-57) - (-19)/3?
2, 3
Let j(s) = 459*s - 84. List the prime factors of j(6).
2, 3, 5, 89
Let c(i) = -i**3 + 3*i**2 + 124*i - 24. List the prime factors of c(-16).
2, 3, 7, 17
Suppose 3*l - 9 + 0 = 0. Suppose 4*g - 162 = v, v + l*v = 3*g - 128. Let o = g - 19. List the prime factors of o.
3, 7
What are the prime factors of (822/1 - 6) + -2?
2, 11, 37
Suppose 3*q + 1 = 10, 5*x + 5*q - 45 = 0. Suppose 3*y - 99 = x*y. Let f = y - -52. List the prime factors of f.
19
Let x = 2465 + -1541. List the prime factors of x.
2, 3, 7, 11
Let b be (0 - 120/(-18))/((-4)/(-30)). Let q = 116 + b. What are the prime factors of q?
2, 83
Suppose 0 = -5*c - 2*m + 8499, 4*m - 8493 = -10*c + 5*c. What are the prime factors of c?
3, 7
Let i(d) = d**2 - 4*d - 16. Let l be i(7). Suppose p - 45 = -2*f + 14, 0 = l*f + 3*p - 149. List the prime factors of f.
2, 7
Suppose -t + 9 = -3. Let d = t + -10. Suppose -4*v + d*v = -8. What are the prime factors of v?
2
Let u(s) = 31*s**2 + 9*s - 6. What are the prime factors of u(3)?
2, 3, 5
Let v(j) = j**3 + 22*j**2 + 14*j - 8. Suppose -4*k = 3*c + 23 + 48, 4*c + 94 = -5*k. What are the prime factors of v(c)?
139
Let o = -922 - -1336. List the prime factors of o.
2, 3, 23
List th